ighest common divisor of 338173 and 5467.
781
Calculate the highest common factor of 4 and 1298.
2
What is the highest common factor of 72 and 65700?
36
What is the highest common factor of 133947 and 231?
33
Calculate the highest common factor of 296 and 1386538.
74
What is the greatest common divisor of 4059 and 16605?
369
Calculate the highest common divisor of 375 and 333075.
75
What is the greatest common divisor of 336 and 2316?
12
Calculate the greatest common factor of 197 and 213154.
197
What is the greatest common divisor of 4374 and 1404?
54
Calculate the highest common divisor of 51527 and 175365.
433
What is the greatest common factor of 1856060 and 412?
412
Calculate the greatest common divisor of 1941 and 7023.
3
Calculate the greatest common divisor of 240 and 195735.
15
What is the greatest common factor of 3 and 38547?
3
Calculate the highest common divisor of 1374 and 84501.
687
Calculate the greatest common factor of 3810 and 195.
15
What is the greatest common divisor of 291 and 549311?
97
What is the greatest common factor of 109923 and 33?
33
Calculate the greatest common factor of 36 and 11944.
4
Calculate the highest common factor of 20560 and 360.
40
Calculate the greatest common divisor of 51470 and 310.
10
Calculate the greatest common divisor of 236 and 19234.
118
Calculate the greatest common factor of 8090 and 30.
10
What is the greatest common divisor of 72070 and 50?
10
Calculate the highest common factor of 219 and 327.
3
What is the greatest common factor of 31993 and 39?
13
What is the highest common divisor of 8788 and 4667?
13
Calculate the highest common divisor of 899 and 61783.
31
Calculate the highest common divisor of 703664 and 8.
8
Calculate the highest common divisor of 8190 and 21658.
182
What is the greatest common factor of 154 and 453761?
77
Calculate the greatest common divisor of 38676 and 7128.
132
Calculate the greatest common divisor of 47937 and 783.
87
Calculate the greatest common factor of 2189 and 946.
11
What is the greatest common factor of 3600 and 7272?
72
What is the highest common divisor of 784 and 3088?
16
What is the greatest common divisor of 7040 and 190?
10
What is the highest common divisor of 252 and 46242?
126
Calculate the highest common factor of 19435 and 26.
13
What is the highest common divisor of 8897 and 8651?
41
What is the highest common divisor of 1784 and 27384?
8
Calculate the highest common divisor of 6 and 6834.
6
What is the greatest common factor of 26561 and 8?
1
Calculate the highest common divisor of 152 and 38912.
152
Calculate the highest common divisor of 1080 and 2130.
30
What is the greatest common divisor of 1561 and 6202?
7
What is the greatest common divisor of 1591 and 63825?
37
What is the greatest common factor of 792235 and 115?
115
Calculate the highest common factor of 40 and 114620.
20
What is the highest common divisor of 46532 and 4?
4
What is the highest common factor of 49 and 84434?
7
What is the highest common factor of 41934 and 523452?
1446
Calculate the greatest common factor of 2139 and 8959.
31
What is the greatest common divisor of 633730 and 254?
254
Calculate the greatest common factor of 11474 and 2.
2
What is the greatest common divisor of 352 and 839388?
44
What is the highest common factor of 2329 and 4247?
137
Calculate the highest common factor of 6118 and 6302.
46
What is the highest common factor of 1505 and 283155?
215
What is the greatest common divisor of 67680 and 4905?
45
Calculate the greatest common factor of 348 and 1920264.
348
Calculate the highest common factor of 13224 and 2175.
87
What is the greatest common divisor of 7924 and 89428?
1132
What is the highest common factor of 11759 and 674539?
1069
Calculate the greatest common divisor of 147 and 1102059.
147
What is the greatest common factor of 10405 and 20?
5
Calculate the greatest common factor of 840 and 33656.
56
What is the greatest common factor of 416 and 1651?
13
Calculate the greatest common divisor of 1554 and 172753.
259
What is the greatest common divisor of 2112 and 3784?
88
Calculate the greatest common divisor of 5 and 2317.
1
What is the highest common divisor of 1722 and 491631?
861
What is the highest common factor of 370 and 59940?
370
What is the highest common factor of 723417 and 879?
879
Calculate the highest common factor of 615978 and 366.
366
What is the greatest common factor of 3454 and 382138?
314
Calculate the highest common divisor of 194 and 18446102.
194
What is the highest common divisor of 150444 and 14?
14
Calculate the highest common divisor of 9867 and 920.
23
Calculate the greatest common factor of 270361 and 91.
91
What is the highest common divisor of 200 and 47350?
50
What is the highest common divisor of 14 and 2401?
7
Calculate the highest common factor of 1392 and 89436.
348
Calculate the greatest common factor of 154 and 246246.
154
Calculate the greatest common factor of 34 and 19639.
1
What is the greatest common factor of 738 and 147067?
41
Calculate the greatest common factor of 218 and 12.
2
Calculate the greatest common divisor of 21786 and 102.
6
What is the highest common factor of 120681 and 495?
99
What is the greatest common divisor of 693190 and 10?
10
What is the highest common factor of 280410 and 84?
6
What is the highest common divisor of 580 and 620?
20
What is the greatest common divisor of 20253 and 15?
3
Calculate the highest common divisor of 8056587 and 231.
231
Calculate the greatest common divisor of 2180 and 240.
20
Calculate the greatest common divisor of 51508 and 948.
316
What is the highest common divisor of 139293 and 804?
201
Calculate the greatest common factor of 1725 and 5475.
75
What is the greatest common divisor of 16970 and 40?
10
Calculate the highest common divisor of 3660 and 870.
30
Calculate the greatest common factor of 2585 and 3025.
55
Calculate the highest common divisor of 5085 and 810.
45
What is the greatest common divisor of 8 and 138336?
8
Calculate the highest common divisor of 12 and 466512.
12
Calculate the greatest common divisor of 972 and 146448.
324
What is the highest common factor of 17 and 404821?
17
Calculate the highest common factor of 1161240 and 360.
120
Calculate the highest common divisor of 304 and 41344.
304
Calculate the highest common factor of 10250 and 3280.
410
What is the highest common factor of 5073 and 32604?
57
Calculate the greatest common factor of 2146 and 1998.
74
What is the highest common factor of 209716 and 4796?
436
Calculate the highest common factor of 126 and 39522.
42
What is the greatest common divisor of 59752 and 3080?
616
What is the highest common factor of 202896 and 144?
144
Calculate the greatest common divisor of 364 and 20839.
91
What is the highest common divisor of 196 and 1688932?
196
What is the highest common factor of 59524 and 23?
23
What is the greatest common factor of 14168 and 11396?
308
Calculate the greatest common divisor of 38922 and 78.
78
What is the greatest common factor of 25713 and 3303?
9
Calculate the highest common factor of 2 and 210730.
2
What is the highest common factor of 22008 and 2520?
168
What is the greatest common divisor of 694 and 23249?
347
Calculate the greatest common divisor of 20 and 70268.
4
Calculate the highest common divisor of 371016 and 96.
24
Calculate the highest common factor of 292173 and 105.
21
What is the highest common divisor of 93825 and 900?
225
What is the highest common factor of 13 and 90038?
13
Calculate the highest common factor of 26 and 674.
2
What is the highest common factor of 2 and 22522?
2
What is the highest common factor of 24704 and 3008?
64
What is the greatest common divisor of 1 and 185833?
1
What is the highest common divisor of 958961 and 139?
139
Calculate the highest common divisor of 3934 and 79242.
562
What is the greatest common factor of 354016 and 4186?
598
What is the highest common factor of 614547 and 281?
281
What is the highest common factor of 7665 and 6615?
105
Calculate the greatest common divisor of 1185966 and 1476.
738
Calculate the greatest common factor of 1847396 and 772.
772
What is the greatest common divisor of 60650 and 6950?
50
What is the greatest common factor of 83168 and 112?
16
What is the h